se 15*i = 22*i - f. Is i a prime number?
True
Let y(d) = 57*d**2 - 104*d - 1573. Is y(-40) a composite number?
False
Is 341244 + (-70)/(-14) + 20 prime?
True
Suppose 269 = 5*o + 4*y - 3*y, 0 = 3*o + 5*y - 179. Let x = 81 + o. Is x a prime number?
False
Let d be 5*(1 + -4)/3 + 1. Let k = d - -17. Let a(h) = 91*h + 4. Is a(k) prime?
True
Suppose 24*o + 8656 = 25*o. Suppose 3*x - 1007 = o. Is x prime?
True
Suppose 5*f - 90092 = -2*x, -89*x + 2*f - 90098 = -91*x. Is x a composite number?
True
Let k(r) = -376*r + 21. Let t be k(-7). Suppose -4*s + 2129 = -3*w, 3*s = 8*s - w - t. Suppose -z = 3*d - 520, -3*z - 2*d + s = -1051. Is z a composite number?
True
Let d = -51 - -51. Suppose f - s - 7 = -3, 3*f + s - 12 = d. Suppose f*r - 135 = 357. Is r a composite number?
True
Suppose c + 4319 = 4*m, -4*c - 5385 = m - 6*m. Let h = -714 + m. Is h a prime number?
True
Suppose 0*n - 33114 = -3*n. Let w = n + -5657. Is w a prime number?
True
Let h = 116 - 107. Suppose 52624 = h*t + 2*t. Is 1 - (t/(-4) + 4) a prime number?
True
Let i be (-6)/(-9 - -3) - (-5778 + 1). Let y = i - 3772. Let m = y + -351. Is m a prime number?
False
Let x(c) = -445*c + 1. Let v = -51 - -50. Let y be x(v). Suppose -3*m - 468 = -2*k, 2*m - 32 - y = -2*k. Is k a composite number?
True
Is (-156)/(-208)*(2451032/12 - (0 + -2)) a prime number?
True
Let y be 1/(48/90 + 2/(-10)). Suppose 4*i = 4*h + 400, 4*h + 7*i - y*i + 368 = 0. Is 1*(12/(-4) - h) - 2 a composite number?
True
Let b(g) = g**3 + g**2 + 8*g + 127. Let j be 0*(-5 + (-12)/(-3)). Is b(j) composite?
False
Let d = 286958 - 46035. Is d a composite number?
True
Let u(b) = -53*b**2 - b + 1. Let j be u(3). Let n = 1130 + j. Suppose 5*c - 3*m = 2*m + 655, -4*m = -5*c + n. Is c prime?
True
Let x(f) = -4 + f + f**2 + 3 + 2. Let j(p) = -p**3 - 5*p**2 - 17*p - 19. Let a(h) = j(h) + 3*x(h). Is a(-7) a prime number?
False
Let q be 21 - (-7)/((-42)/30). Is q/72 + (-25909)/(-9) a composite number?
False
Let m(k) = -257*k + 12. Suppose 5*z = 3*o + 45, 0*z + 3*o = z - 21. Let j(s) = -5*s + 23. Let d be j(z). Is m(d) composite?
False
Suppose 0 = 14*s - 10*s - 4. Let o be (-3 - 49/(-14))*(s - 5). Is o/(-1)*(138/4 + 4) composite?
True
Suppose 5*c - 10*c = 2*g - 1559343, 623750 = 2*c + 4*g. Is c a composite number?
False
Let m(u) = -2*u**3 - 10*u**2 + u + 3. Let g be m(-5). Is g/17 + 9/(1071/100093) composite?
True
Let j(a) = -5*a + 1. Let k be j(-4). Suppose 0 = f - k - 45. Let n = f - 7. Is n a prime number?
True
Suppose 34*q - 42 = 27*q. Suppose -q*h + 81912 = 3642. Is h composite?
True
Is 2531122/90 + (-8)/(-36) - (-1140)/(-1425) a prime number?
True
Let p(r) = 2*r**2 - 4*r - 11. Let x(g) = -g**3 + 6*g**2 - 3*g - 6. Let o be x(5). Suppose 6 + 14 = o*w. Is p(w) a prime number?
True
Suppose 5*t + 38 = 2*v, 6*v + 5*t = 9*v - 47. Suppose -v*m = -10*m + 3943. Is m a composite number?
False
Let j(a) = -1631*a**2 + 22*a - 49. Let w be j(2). Let k = 9250 + w. Is k prime?
False
Suppose -2*s = -3*o - 20073 - 22970, 0 = 4*o + 12. Is s composite?
False
Suppose 533*a - 531*a - 120418 = 0. Is a prime?
True
Is (16473255/170)/((-5)/6 + 1) - -2 prime?
True
Let m = 58 + 55. Let b = -72 - m. Let u = b - -658. Is u a composite number?
True
Suppose -52*a + 4624288 = 1319220. Is a composite?
False
Let f = 7685 + 28656. Is f a composite number?
False
Let s = 5417 - 3024. Let k = s + -670. Is k a prime number?
True
Suppose 4032 + 1584 = 18*r. Suppose 313*u - r*u - 4541 = 0. Is u composite?
True
Suppose -3*y - y - 20 = 0. Let n be (y - 0)*28/70. Let k(u) = -460*u - 3. Is k(n) prime?
False
Let r(a) = 387*a**2 + 7*a + 6. Let p be r(-1). Let d = 1053 - p. Is d composite?
True
Suppose 0*r = -9*r + 252. Suppose 32*b - r*b = 38348. Is b a composite number?
False
Suppose -5*l - 921879 = -4*c, 0 = 2*l - 2. Is c composite?
False
Suppose 4*k - 3*v = -7, 2*k + 26 = -3*k - 2*v. Let q be (-1)/(-4) - k/(48/357). Is (10/q)/((-2)/(-12114)) prime?
False
Let x be (288/(-84))/(1/(-7) - 0). Suppose -12*o = -12 - x. Suppose 5*h + 3*p = 12398, -o*h - 5*p - 3338 = -10780. Is h a composite number?
True
Suppose 68*j = 57*j + 3135. Let f = 980 - j. Is f prime?
False
Let c be (84/9 + -2)*(-10 + 28). Let d = -284 - c. Is -3 - d - (0 - 0) a composite number?
True
Let h = -2260 - -8069. Is h a prime number?
False
Suppose 27*l = 16*l - 295064. Is (3 + 0)/((-187792)/l + -7) prime?
False
Let x be (-24)/3*2/(-4). Suppose v = x*o - 199, -2*o - o + 128 = -5*v. Is o a prime number?
False
Suppose 0 = -4*j + 22 + 42. Let q(b) = 5 - 6*b + 1 + 9 - 14*b**2 - 3*b + b**3 - 2. Is q(j) a composite number?
True
Let m be (-4)/(-8)*10 + (-1 - -1285). Suppose -16259 + m = -30*o. Is o prime?
True
Let v(i) be the second derivative of 559*i**4 + 2*i**3/3 - 3*i**2/2 + 173*i. Is v(1) a composite number?
False
Suppose 0 = 4*b - 5*v - 33, -4*b + 4*v = -9*b - 10. Let q be (0 + b)/(-31 + 33). Is (-3*838)/((-3 + q)*1) composite?
True
Let g = 87 - 82. Suppose -3*k + 3555 = 2*c, -g*c + 8868 = k - 0*k. Suppose -12*m + 1911 = -c. Is m a prime number?
True
Suppose -3*m + 5*m - 2*o = -12, 50 = -5*m - 5*o. Let x = 11 + m. Let j(k) = 373*k**2 + 3*k - 1. Is j(x) a composite number?
True
Suppose -5*p - 2*s = -s - 319122, 0 = 3*s - 21. Is p composite?
False
Is 216/756 - (-18)/(-14) - -83702 composite?
False
Suppose d = -1 + 41. Suppose 0 = 4*x - 0*x + g - d, 4*x = 3*g + 56. Is (x - -318) + (-1 - -1) a prime number?
False
Let i(s) = -492*s + 1549. Is i(-50) composite?
True
Suppose -5*m + 96 = 61. Is -2*-16311*m/42 a prime number?
True
Suppose -6*w = -641 - 624 - 151. Suppose 20 = 6*o - 2*o. Suppose 0 = -o*f + 1771 - w. Is f a composite number?
False
Suppose -39*v + 43777 = -36*v - a, -43761 = -3*v - 3*a. Is v composite?
False
Let k(a) = 1426*a**2 - 56*a - 217. Is k(-4) a prime number?
False
Let p(z) = 453*z + 11. Suppose -6*k + 30 = -k. Let g be (2/5)/(k*6/360). Is p(g) a composite number?
False
Suppose 3*f - 20 = -0*f + 4*d, 5*f = d + 22. Suppose -3*b + 18437 = 6*g - 2*g, -2*g + 9206 = f*b. Is g composite?
True
Suppose -5*s + 8153 = -16*j + 13*j, 8 = 2*j. Is s a prime number?
False
Is ((-460258050)/(-1400))/(3/4) a composite number?
False
Let m(h) = 14*h**3 - 2*h**2 - 3*h + 44. Let u(a) = a**2 - 7*a + 15. Let p be u(6). Is m(p) a prime number?
True
Suppose 2 = 4*a - 3*t, a = 4*a + 4*t + 11. Let c(o) = -9412*o**3 - 4*o**2 - 2*o - 1. Is c(a) a composite number?
True
Is 83279 - 0/(-2) - (-336)/126*3 prime?
False
Is ((-14173)/(-7))/((-78)/(-9282)) composite?
True
Suppose 5*t = -3*v + 18233, -2*t + 20*v = 24*v - 7296. Is t composite?
True
Suppose 2*q = 2*i - 518316 - 893136, 3*i + 5*q = 2117218. Is i composite?
True
Suppose 1111*b - 980732 = 1125*b - 5857534. Is b a prime number?
False
Let b be 6/22 + 120/(-440). Suppose -21*d + 67624 + 112283 = b. Is d a composite number?
True
Let q(o) = 69*o**2 - 8*o - 42. Let k(p) = -138*p**2 + 18*p + 83. Let g(t) = 2*k(t) + 5*q(t). Is g(9) a prime number?
False
Let f(q) = -102*q - 1. Let p(t) = t**2 + 5*t - 6. Let o be (3 + 28/(-8))/(1/10). Let h be p(o). Is f(h) prime?
False
Is -1101037*((-400)/70)/20 prime?
False
Let z = 1189 - -5482. Is z a prime number?
False
Is 0 - (1/(-3) - (-13023234)/(-81)) a composite number?
False
Let h(k) = -34*k**2 + 12*k + 60. Let a be h(-12). Let c = a - -9967. Is c a prime number?
True
Let a = -3059 + 5100. Let f = a - 722. Is f a prime number?
True
Suppose 2*j - 4*z - 144 = 0, -104 = -4*j + 2*z + 190. Let v = j - 74. Suppose -3*c - 2*c + 11665 = v. Is c prime?
True
Let c(i) = i**3 + 7*i**2 - i - 2. Let o be c(-7). Suppose -3*j = o*d - 0*j - 7721, 4*d = 4*j + 6164. Is d prime?
True
Is (1/(12/(-272236)))/((-370)/30 - -12) a composite number?
False
Let i(b) = 5*b**2 - 8*b - 9. Let o be i(-6). Suppose 3*u = -3*d + o, -5*u - d - 129 + 478 = 0. Suppose -358 = -u*g + 67*g. Is g prime?
True
Let w(n) = -n**3 - n**2 - 2*n + 1. Let i(f) = 3*f**3 + 2*f**2 + 4*f - 2. Let q(z) = 2*i(z) + 5*w(z). Let h be q(0). Is h*(-1 - -2) - -1360 composite?
False
Suppose -134859 = 39*o - 1839978. Is o a prime number?
True
Let u = 142 + -151. Let q(y) = -5*y**2 - y**2 - 3*y**3 + y**3 + 0*y + 9*y + 4. Is q(u) prime?
False
Let f(m) = -m. Let j be f(-2). Let d(l) = -180 + 31*l**j + 94 + 93 - 3*l. Is d(4) prime?
True
Suppose -748432 - 452 = -102*r. Let l be (-4249)/(-1 + (-1 - -3)). Let n = r + l. Is 